prime factors of f.
7, 17
Suppose -5*k + v = -3*k - 41, 0 = -5*k + 4*v + 107. Suppose 0 = -t + 3*z + 20 + 59, -2*z = 4*t - 302. Let j = k + t. List the prime factors of j.
5, 19
Suppose -30355 = -3*n - p, -3*p - 39418 - 41540 = -8*n. List the prime factors of n.
3, 3373
Let i(y) = y**2 + 7*y + 7047. List the prime factors of i(0).
3, 29
Let a = 69 + -103. Let h = -1 - a. What are the prime factors of h?
3, 11
Let x(l) be the first derivative of 3*l**4/4 - 7*l**3/3 + 7*l**2/2 - 8*l - 116. What are the prime factors of x(7)?
727
Let q(x) be the third derivative of -x**5/20 - x**4/4 + 22*x**3/3 - 22*x**2. Let v be q(-13). Let t = -195 - v. List the prime factors of t.
2, 5, 19
Suppose 0 = -3*b + f + 185353, -f + 140284 = 5*b - 168651. What are the prime factors of b?
2, 30893
Suppose 55*x - 62*x = -4956. Suppose x = f - 2*t, -5*t = -14 + 4. What are the prime factors of f?
2, 89
Suppose -7*u + 4 = -9*u. List the prime factors of 8/(16/u) - -401*1.
2, 5
Let x(c) = -12*c**2 - 4*c + 4. Let g(t) = 5*t**2 + 2*t - 2. Let v(z) = -13*g(z) - 6*x(z). List the prime factors of v(11).
827
Let i = -4925 + 15388. What are the prime factors of i?
10463
Let s = -524 + 1030. Suppose 4*g = 2*p - s, -5*p + 5*g + 1254 = 6*g. List the prime factors of p.
251
Suppose -2*g - 7137 = -15*g. Let t = 48 + g. List the prime factors of t.
3, 199
Let y(v) = v**2 - 24*v + 6113. List the prime factors of y(69).
2, 11, 419
Let o(v) = 5*v**2 - 4*v - 13. Let h be o(-4). Let a = 86 - h. Suppose -a*s - 6 = 0, -6*f - 4*s + 727 = -f. What are the prime factors of f?
3, 7
Suppose -10*q = 4*p - 7*q - 115439, 4*p - 3*q = 115409. What are the prime factors of p?
2, 3607
Suppose 0 = 5*u - 3*u - 6. Let y(j) = 10*j**3 - 4*j + 1. Let h be y(3). Suppose 0 = u*f + 28 - h. What are the prime factors of f?
7, 11
Let y be -74*((-12)/(-8) + -2). Suppose 1878 = 5*a + p, a - 349 = 5*p + y. Suppose 3*x - 382 = 2*l, 3*l + a = 5*x - 262. What are the prime factors of x?
2, 5, 13
Let v = -8485 - -30954. What are the prime factors of v?
22469
Let z be 222/296 - 425/(-4). Suppose z*t + 4029 = 110*t. List the prime factors of t.
17, 79
Suppose -15*n + 17861 = -26359. List the prime factors of n.
2, 11, 67
Let c be 10/(-3)*(0 + -6). Suppose c*h - 1830 = 14*h. What are the prime factors of h?
5, 61
Suppose w = -5*a + 768, w = 2 + 1. Suppose 5 = 5*r, -r = -5*n + 4*n + a. What are the prime factors of n?
2, 7, 11
Let j be 3 + 1 - (-17 + (-4 - -1)). What are the prime factors of ((-116)/16)/((-2)/j)?
3, 29
Let h = -28 + 28. Suppose -3*v - 97 = 5*n - 690, h = 5*n + 5*v - 595. What are the prime factors of -2 + (n/3 - 3/9)?
37
Suppose h + 3*g = 4837, h - 3*g - 713 = 4130. What are the prime factors of h?
2, 5, 11
Let y(h) = -6*h**3 - 43*h**2 - 19*h - 54. List the prime factors of y(-19).
2, 3, 11, 131
Let x = 109388 + -77278. List the prime factors of x.
2, 5, 13, 19
Let p = -735 - -750. List the prime factors of (-19734)/(-65) - (-6)/p.
2, 19
Suppose 10 = 5*s, 5*c - 3*s - 2297 = 1477. Suppose -3*g + 3*n + c = 0, g - 3*n - 240 = 2*n. List the prime factors of g.
3, 5, 17
Let j = 3 + -3. Suppose j = -5*w - 74 - 16. What are the prime factors of w*16/(-42)*42/4?
2, 3
Let k(n) = -9182*n**3 - n**2 - 23*n - 23. List the prime factors of k(-1).
9181
Let d(o) = 18 + 4*o - 90 - 2 + 3*o**2. List the prime factors of d(-23).
7, 29
Suppose 4*q + 4*r = -16, -q = -5*r - 20 - 0. Suppose q = -6*t - 2*t + 1896. List the prime factors of t.
3, 79
Let j(f) = -f**3 - 29*f**2 + 60*f + 83. List the prime factors of j(-31).
5, 29
Let n(r) = 81*r + 13. Let b(y) = -2*y. Let t be b(2). Let o be n(t). Let j = o + 504. What are the prime factors of j?
193
Suppose 5*v - 5*j - 124776 = 32689, 0 = -j + 5. What are the prime factors of v?
2, 15749
Let y = -1449 + 3808. List the prime factors of y.
7, 337
What are the prime factors of (18179/(-35))/((-3)/345)?
7, 23, 53
Let a(b) = -6*b - 42. Let m be a(-5). Let t be 0/((-7)/(-2) - (-6)/m). Suppose t = -5*y - 0*y + 4*z + 1111, -y - 5*z + 199 = 0. What are the prime factors of y?
3, 73
Suppose 6*o = 20*o - 1232. Let y = o - -7. Suppose 2*j = -s + y, -2*j + 70 = -0*j - 4*s. What are the prime factors of j?
3, 5
Suppose 0 = 13*u - 10153 - 3107. List the prime factors of u.
2, 3, 5, 17
Let b = 2588 - -719. What are the prime factors of b?
3307
Suppose -10*a + 4 = -6. Suppose -1097 = -2*k + 127. Suppose -a = d, 5*n - 2*d - k = -0*d. What are the prime factors of n?
2, 61
Let n(s) = 19*s + 289. Let j be n(-15). Suppose -24366 = j*w - 35*w. List the prime factors of w.
2, 3, 131
Let h = -2393 + 3085. List the prime factors of h.
2, 173
Let f(i) = 2*i**2 + 18*i - 13. Let n = 1292 + -224. Let c be n/(-84) + (-2)/7. What are the prime factors of f(c)?
7, 13
Suppose -a + 5*p = 3, -4*a + 4 = 3*p - 7. Suppose 4*m + 56 = a*h, 2*h - m - 79 = -11. Suppose 0 = g - h. What are the prime factors of g?
2, 3
Suppose -35 = 5*q - 7*s + 2*s, 5 = -5*s. Let r(u) = -u**3 - 9*u**2 - 9*u + 2. Let c be r(q). Suppose -g + c = -8. What are the prime factors of g?
2, 3
Let k be (-12)/(-28)*10 - 4/14. Suppose 4*i + k*i = 24. Suppose z - 429 = -i*p, -4*p + 3*z + 729 = p. List the prime factors of p.
2, 3
List the prime factors of (5 - 9868/(-3))*(4 - -5).
3, 9883
Let b(z) = 105*z - 12. Suppose 674 = 4*o + 642. List the prime factors of b(o).
2, 3, 23
Let c be (-234)/14 - (-8)/(-28). Let u = c + 19. Let d(n) = 26*n**3 - 3*n**2 + n - 2. What are the prime factors of d(u)?
2, 7
Suppose 5*c - 30 = o, -5*c - 6*o + 10 = -3*o. Suppose 36 = v - 4*v - 3*u, -4*u + 96 = -c*v. Let b = 108 + v. List the prime factors of b.
2, 23
Let o be (3 - 114/(-4))*(-13 - -15). List the prime factors of 26355/o - (-1)/(-3).
2, 11, 19
Let h be ((-210)/40)/(2/(-8)). Suppose -11*o + 14*o - h = 0. Suppose -b + 1008 = o*b. List the prime factors of b.
2, 3, 7
Let g = -67 + 67. Let v be (g/3)/(-2 - -1). Suppose v = 16*a - 20*a + 1112. List the prime factors of a.
2, 139
Suppose -3*w + 5*w - 4 = 0. Let c be (3 + (81/12 - w))*-4. Let h = -6 - c. What are the prime factors of h?
5
What are the prime factors of 3727*5/(-25)*-17 + 32/160?
2, 3, 11
Suppose 10*a + 70*a = 86000. What are the prime factors of a?
5, 43
What are the prime factors of ((-27)/(-45))/((-3)/951)*-15?
3, 317
Suppose -3*b - 1 + 13 = 0. Suppose -b*t - 12*t = -13056. What are the prime factors of t?
2, 3, 17
Suppose 2*i + 671 + 2480 = s, -s = 5*i - 3158. List the prime factors of s.
3, 1051
Let i(z) = z**3 + 4*z**2 - 15*z - 15. Let k be i(-6). Suppose w + 4*t = -1, 0 = k*t + 2*t - 5. Let q(f) = f**2 - f - 8. List the prime factors of q(w).
2, 11
Let x = -80 + 82. Suppose -2*z + z = -2*g + 25, -x*z = 3*g - 27. Let h = 77 - g. What are the prime factors of h?
2, 3, 11
Suppose 18*z - 2387 = 80503. Suppose -z = -10*y + 3025. List the prime factors of y.
7, 109
Let z = 60 + -65. Let m be z - (-4 - -2 - 6). Suppose -m*a = -387 - 471. List the prime factors of a.
2, 11, 13
What are the prime factors of 2963 - (-6 - -8)*7/2?
2, 739
Suppose -2*h - v + 3 = 0, -5*h + v = -h + 3. Suppose h = 5*m - 4*r - 350, 5*r - 8*r = -m + 70. What are the prime factors of m?
2, 5, 7
Suppose 0 = -s + 3*n - 378, 0*s + 2*n - 772 = 2*s. Let j = 700 + s. Suppose -2*a + j + 18 = -2*o, -671 = -4*a + o. List the prime factors of a.
13
Let m(p) = p**3 - p**2 - 55*p - 5. Let o be m(7). Let y = 436 + o. List the prime factors of y.
2, 5, 17
Suppose -2*u = z + 2, -2*z + 2*u - 4*u = 2. Let q(g) = z - 4 - 16*g - 2. What are the prime factors of q(-5)?
2, 37
Suppose -84*u + 86*u = 4*o + 46572, 4*o = 5*u - 116466. List the prime factors of u.
2, 3, 11, 353
Let w = 878 + -876. Let n(c) = 76*c + 8. Let f(o) = -o + 1. Let d(y) = -4*f(y) + n(y). List the prime factors of d(w).
2, 41
Let n = 341 + -339. Suppose n*f + 2948 = 24*f. List the prime factors of f.
2, 67
Let u be 5/(-35) + (215/35 - 3). Suppose 0*r + u*r - 1307 = -5*d, 0 = -5*d - 25. List the prime factors of r.
2, 3, 37
Let m(v) = 31*v + 188. Let u be m(-6). Suppose -19*p - u*k = -20*p + 953, -5*p = -k - 4765. List the prime factors of p.
953
Let z = -12329 + 19017. Suppose 0 = -18*k + 7*k + z. What are the prime factors of k?
2, 19
Suppose -16*y = -11*y - 90. Let g(q) = q**2 - 17*q - 14. Let j be g(y). Suppose s - j*f - 38 = 0, 0 = 5*s - 0*f - 5*f - 220. What are the prime fact